{"id":81,"date":"2024-11-18T08:08:12","date_gmt":"2024-11-18T08:08:12","guid":{"rendered":"https:\/\/lter.sav.sk\/?page_id=81"},"modified":"2025-07-10T14:03:56","modified_gmt":"2025-07-10T14:03:56","slug":"aktuality","status":"publish","type":"page","link":"https:\/\/lter.sav.sk\/index.php\/aktuality\/","title":{"rendered":"Aktuality"},"content":{"rendered":"\n<h3 class=\"wp-block-heading\"><strong>Prv\u00e1 vedeck\u00e1 konferencia eLTER<\/strong><\/h3>\n\n\n\n<p>V&nbsp;d\u0148och 22.-27.6.2025 sa vo f\u00ednskom Tampere uskuto\u010dnila <strong>prv\u00e1 vedeck\u00e1 konferencia eLTER<\/strong> s&nbsp;n\u00e1zvom: \u201e<strong>Towards a whole-system approach for ecosystem science<\/strong>\u201c &#8211; Smerom k celostn\u00e9mu pr\u00edstupu v ekosyst\u00e9movej vede. Z\u00fa\u010dastnilo sa na nej viac ako 350 vedcov, ktor\u00ed sa zaoberaj\u00fa dlhodob\u00fdm \u0161t\u00fadiom ekosyst\u00e9mov a&nbsp;socioekologick\u00fdm v\u00fdskumom. Preva\u017en\u00e1 \u010das\u0165 \u00fa\u010dastn\u00edkov bola z&nbsp;eur\u00f3pskej siete eLTER, konferencia v\u0161ak bola otvoren\u00e1 a&nbsp;\u00fa\u010dastn\u00edci boli aj z&nbsp;in\u00fdch pracov\u00edsk a&nbsp;tie\u017e mimo Eur\u00f3py. \u00davodnou \u010das\u0165ou konferencie boli celodenn\u00e9 exkurzie na lokality <a href=\"https:\/\/deims.org\/663dac80-211d-4c19-a356-04ee0da0f0eb\">LTER Hyyti\u00e4l\u00e4 SMEAR II<\/a>&nbsp; a <a href=\"https:\/\/deims.org\/a43d31c8-6219-4ab8-ac41-6088cb56b12b\">Lammi<\/a>, n\u00e1rodn\u00fd park Seitseminen a&nbsp;lokalitu Tammela, na ktorej prebieha v\u00fdskum a&nbsp;obnova ra\u0161eliniska.&nbsp; Pestr\u00fd program zah\u0155\u0148al ve\u013ek\u00fd po\u010det vedeck\u00fdch predn\u00e1\u0161ok vo&nbsp;viac ako dvadsiatich sekci\u00e1ch, posterov\u00e9 prezent\u00e1cie a praktick\u00e9 workshopy. S\u00fa\u010das\u0165ou bol aj sprievodn\u00fd spolo\u010densk\u00fd program &#8211; Meet &amp; Greet recepcia, recepcia s&nbsp;predstavite\u013ekou mesta Tampere pani Laorou Inha v Old City Hall of Tampere, ktor\u00e1 m\u00e1 na starosti klimatick\u00fa a environment\u00e1lnu politiku mesta Tampere a&nbsp;tie\u017e konferen\u010dn\u00e1 ve\u010dera na ostrove Viikinsaari. Na konferencii sa z\u00fa\u010dastnilo sedem zamestnancov \u00dastavu krajinnej ekol\u00f3gie SAV, v.v.i., ktor\u00ed prezentovali v\u00fdsledky&nbsp; v\u00fdskumu na lokalit\u00e1ch a&nbsp;platform\u00e1ch LTER Slovensko. Konferencia bola skvelou pr\u00edle\u017eitos\u0165ou na nadv\u00e4zovanie kontaktov, v\u00fdmenu sk\u00fasenost\u00ed a&nbsp;tie\u017e pr\u00edpravu mo\u017enej bud\u00facej spolupr\u00e1ce v&nbsp;eur\u00f3pskom ekologickom v\u00fdskume.<\/p>\n\n\n\n\n\n\n\n<h3 class=\"wp-block-heading\"><strong>In\u0161tal\u00e1cia novej meteorologickej stanice<\/strong><\/h3>\n\n\n\n<p>V stredu 26.3.2025 sa na LTSER platforme <a href=\"https:\/\/deims.org\/fabf28c6-8fa1-4a81-aaed-ab985cbc4906\">Trnava<\/a>, konkr\u00e9tne v&nbsp;are\u00e1li po\u013enohospod\u00e1rskeho dru\u017estva v&nbsp;Hrn\u010diarovciach nad Parnou, uskuto\u010dnila in\u0161tal\u00e1cia novej meteorologickej stanice. Meteorologick\u00e1 stanica sp\u013a\u0148a v\u0161etky po\u017eadovan\u00e9 parametre profesion\u00e1lnej stanice s&nbsp;umiestnen\u00edm senzorov aj vo v\u00fd\u0161ke 10 m, eliminuj\u00fac tak vplyv topografick\u00fdch podmienok bl\u00edzkeho okolia. Stanica ka\u017ed\u00fdch 10 min\u00fat meria okrem \u0161tandardn\u00fdch parametrov,&nbsp; ako s\u00fa&nbsp; teplota vzduchu v 2&nbsp; a 10 m, relat\u00edvna vlhkos\u0165 vzduchu, tlak vzduchu, tlak p\u00e1r, deficit tlaku vodnej pary, r\u00fdchlos\u0165 a smer vetra, intenzita zr\u00e1\u017eok a ich kumulovan\u00e1 hodnota&nbsp; aj radia\u010dn\u00fd tok \/glob\u00e1lne slne\u010dn\u00e9 \u017eiarenie, fotosynteticky akt\u00edvne \u017eiarenie, bilancia \u017eiarenia\/. &nbsp;\u010eal\u0161ie veli\u010diny sa automaticky po\u010d\u00edtaj\u00fa a&nbsp;ukladaj\u00fa z&nbsp;t\u00fdchto parametrov. Stanica je plne automatizovan\u00e1, cez webov\u00e9 rozhranie je mo\u017en\u00e9 sledova\u0165 aktu\u00e1lne charakteristiky meteorologick\u00fdch prvkov. Dlhodob\u00e9 z\u00e1znamy takto z\u00edskan\u00fdch a odvoden\u00fdch \u00fadajov &nbsp;nebud\u00fa sl\u00fa\u017ei\u0165 len pre potreby \u00daKE SAV, v.v.i, ale bud\u00fa spr\u00edstupnen\u00e9 aj pre ich vyu\u017eitie v&nbsp;praxi (po\u013enohospod\u00e1rstvo \/agroklimatick\u00e9 anal\u00fdzy, in\u00e9..\/)<\/p>\n\n\n\n\n\n\n\n<h3 class=\"wp-block-heading\"><br><strong>N\u00e1v\u0161teva vedcov zo siete LTER Bulharsko<\/strong><\/h3>\n\n\n\n<p>V&nbsp;d\u0148och 13-15 novembra 2024 nav\u0161t\u00edvili LTER Slovensko vedci zo siete pre dlhodob\u00fd ekologick\u00fd v\u00fdskum (LTER) z&nbsp;Bulharska v&nbsp;zlo\u017een\u00ed dr. Radka Fikova, Dr. Lyudmila&nbsp;Lozanova&nbsp; (obe z&nbsp;\u00dastavu biodiverzity a&nbsp;ekosyst\u00e9mov\u00e9ho v\u00fdskumu Bulharskej akad\u00e9mie vied), doc. Sonya Damayanova a prof. Pavel Pavlov (obaja z Lesn\u00edckej univerzity v Sofii). &nbsp;Predmetom n\u00e1v\u0161tevy bola v\u00fdmena sk\u00fasenost\u00ed z&nbsp;budovania n\u00e1rodn\u00fdch siet\u00ed LTER, kolegovia z&nbsp;LTER Bulharsko mali z\u00e1ujem podrobnej\u0161ie prediskutova\u0165 ot\u00e1zky \u0161t\u00fadia cyklu uhl\u00edka a&nbsp;chemick\u00fdch anal\u00fdz vody.&nbsp; Tomu bol prisp\u00f4soben\u00fd program n\u00e1v\u0161tevy. Prv\u00fd de\u0148 bol venovan\u00fd prezent\u00e1cii n\u00e1rodn\u00fdch siet\u00ed a&nbsp;vybran\u00fdch lokal\u00edt, z&nbsp;bulharskej siete to boli lokality LTER <a href=\"https:\/\/deims.org\/7b0fab75-c658-453b-b4cb-67eb6e88d161\" target=\"_blank\" rel=\"noreferrer noopener\">Belasitsa<\/a>&nbsp;a&nbsp;<a href=\"https:\/\/deims.org\/3d8dd081-e6c5-4233-b2bb-7a353bcab094\" target=\"_blank\" rel=\"noreferrer noopener\">Petrohan-Ponor<\/a>. Bulharsk\u00fdm kolegom sme prezentovali hist\u00f3riu LTER Slovensko, kr\u00e1tko sme predstavili v\u0161etky slovensk\u00e9 lokality a platformy a informovali o stave, dop\u013a\u0148an\u00ed v\u00fdskumu i problematick\u00fdch ot\u00e1zkach pri roz\u0161irovan\u00ed v\u00fdskumu o niektor\u00e9 \u0161tandardn\u00e9 pozorovania siete eLTER na na\u0161ich lokalit\u00e1ch. V n\u00e1slednej diskusii sme prebrali ot\u00e1zky spolo\u010dn\u00e9ho z\u00e1ujmu. V&nbsp;Bulharsk\u00ed kolegovia nav\u0161t\u00edvili LTER lokalitu&nbsp;<a href=\"https:\/\/deims.org\/f7b73d7c-068f-4406-b4e8-13e5c6e212b9\" target=\"_blank\" rel=\"noreferrer noopener\">Tatransk\u00fd n\u00e1rodn\u00fd park<\/a>&nbsp;a&nbsp;to jej dve \u0161tudijn\u00e9 plochy \u2013 plochu po\u0161koden\u00fa kalamitou v&nbsp;r. 2004 a&nbsp;kontroln\u00fa plochu, nenaru\u0161en\u00fa kalamitou. Tu bolo mo\u017en\u00e9 prediskutova\u0165 a demon\u0161trova\u0165 met\u00f3dy eddy kovariancie merania, meran\u00ed p\u00f4dnej respir\u00e1cie (kontinu\u00e1lneho i&nbsp;ambulantn\u00e9ho) a&nbsp;transpira\u010dn\u00e9ho toku. Na kontrolnej lokalite mohli kolegovia z&nbsp;Bulharska vidie\u0165 aj meranie p\u00f4dnej respir\u00e1cie, vykon\u00e1van\u00e9 v&nbsp;r\u00e1mci projektu CALTER, rovnako ako nasleduj\u00faci de\u0148 na lokalite <a href=\"https:\/\/deims.org\/79e10639-dd60-4f30-9c43-7b2bae0f359a\" target=\"_blank\" rel=\"noreferrer noopener\">B\u00e1b<\/a>. Na oboch lokalit\u00e1ch sa mohli bulharsk\u00ed kolegovia zozn\u00e1mi\u0165 aj s&nbsp;pr\u00edstrojov\u00fdm vybaven\u00edm lokal\u00edt, vr\u00e1tane zariaden\u00ed na meranie cyklu uhl\u00edka a&nbsp;lyzimetrick\u00fdch meran\u00ed p\u00f4dnej vody, z\u00e1ujem o tieto t\u00e9my vopred avizovali. Kolegom z&nbsp;Bulharska sme predstavili aj LTSER platformu <a href=\"https:\/\/deims.org\/fabf28c6-8fa1-4a81-aaed-ab985cbc4906\" target=\"_blank\" rel=\"noreferrer noopener\">Trnava<\/a> formou kr\u00e1tkeho filmu. Vedci z&nbsp;oboch n\u00e1rodn\u00fdch siet\u00ed LTER prejavili z\u00e1ujem o&nbsp;u\u017e\u0161iu spolupr\u00e1cu v&nbsp;bud\u00facnosti.<\/p>\n\n\n\n<div style=\"height:26px\" aria-hidden=\"true\" class=\"wp-block-spacer\"><\/div>\n\n\n\n\n","protected":false},"excerpt":{"rendered":"<p>Prv\u00e1 vedeck\u00e1 konferencia eLTER V&nbsp;d\u0148och 22.-27.6.2025 sa vo f\u00ednskom Tampere uskuto\u010dnila prv\u00e1 vedeck\u00e1 konferencia eLTER s&nbsp;n\u00e1zvom: \u201eTowards a whole-system approach for ecosystem science\u201c &#8211; Smerom k celostn\u00e9mu pr\u00edstupu v ekosyst\u00e9movej vede. Z\u00fa\u010dastnilo sa na nej viac ako 350 vedcov, ktor\u00ed sa zaoberaj\u00fa dlhodob\u00fdm \u0161t\u00fadiom ekosyst\u00e9mov a&nbsp;socioekologick\u00fdm v\u00fdskumom. Preva\u017en\u00e1 \u010das\u0165 \u00fa\u010dastn\u00edkov bola z&nbsp;eur\u00f3pskej siete eLTER, konferencia&#8230;<\/p>\n","protected":false},"author":1,"featured_media":0,"parent":0,"menu_order":0,"comment_status":"closed","ping_status":"closed","template":"","meta":{"_kad_post_transparent":"","_kad_post_title":"","_kad_post_layout":"","_kad_post_sidebar_id":"","_kad_post_content_style":"","_kad_post_vertical_padding":"","_kad_post_feature":"","_kad_post_feature_position":"","_kad_post_header":false,"_kad_post_footer":false,"_kad_post_classname":"","footnotes":""},"class_list":["post-81","page","type-page","status-publish","hentry"],"_links":{"self":[{"href":"https:\/\/lter.sav.sk\/index.php\/wp-json\/wp\/v2\/pages\/81","targetHints":{"allow":["GET"]}}],"collection":[{"href":"https:\/\/lter.sav.sk\/index.php\/wp-json\/wp\/v2\/pages"}],"about":[{"href":"https:\/\/lter.sav.sk\/index.php\/wp-json\/wp\/v2\/types\/page"}],"author":[{"embeddable":true,"href":"https:\/\/lter.sav.sk\/index.php\/wp-json\/wp\/v2\/users\/1"}],"replies":[{"embeddable":true,"href":"https:\/\/lter.sav.sk\/index.php\/wp-json\/wp\/v2\/comments?post=81"}],"version-history":[{"count":7,"href":"https:\/\/lter.sav.sk\/index.php\/wp-json\/wp\/v2\/pages\/81\/revisions"}],"predecessor-version":[{"id":592,"href":"https:\/\/lter.sav.sk\/index.php\/wp-json\/wp\/v2\/pages\/81\/revisions\/592"}],"wp:attachment":[{"href":"https:\/\/lter.sav.sk\/index.php\/wp-json\/wp\/v2\/media?parent=81"}],"curies":[{"name":"wp","href":"https:\/\/api.w.org\/{rel}","templated":true}]}}

<h3 class="wp-block-heading"><strong>Prvá vedecká konferencia eLTER</strong></h3>



<p>V&nbsp;dňoch 22.-27.6.2025 sa vo fínskom Tampere uskutočnila <strong>prvá vedecká konferencia eLTER</strong> s&nbsp;názvom: „<strong>Towards a whole-system approach for ecosystem science</strong>“ &#8211; Smerom k celostnému prístupu v ekosystémovej vede. Zúčastnilo sa na nej viac ako 350 vedcov, ktorí sa zaoberajú dlhodobým štúdiom ekosystémov a&nbsp;socioekologickým výskumom. Prevažná časť účastníkov bola z&nbsp;európskej siete eLTER, konferencia však bola otvorená a&nbsp;účastníci boli aj z&nbsp;iných pracovísk a&nbsp;tiež mimo Európy. Úvodnou časťou konferencie boli celodenné exkurzie na lokality <a href="https://deims.org/663dac80-211d-4c19-a356-04ee0da0f0eb">LTER Hyytiälä SMEAR II</a>&nbsp; a <a href="https://deims.org/a43d31c8-6219-4ab8-ac41-6088cb56b12b">Lammi</a>, národný park Seitseminen a&nbsp;lokalitu Tammela, na ktorej prebieha výskum a&nbsp;obnova rašeliniska.&nbsp; Pestrý program zahŕňal veľký počet vedeckých prednášok vo&nbsp;viac ako dvadsiatich sekciách, posterové prezentácie a praktické workshopy. Súčasťou bol aj sprievodný spoločenský program &#8211; Meet &amp; Greet recepcia, recepcia s&nbsp;predstaviteľkou mesta Tampere pani Laorou Inha v Old City Hall of Tampere, ktorá má na starosti klimatickú a environmentálnu politiku mesta Tampere a&nbsp;tiež konferenčná večera na ostrove Viikinsaari. Na konferencii sa zúčastnilo sedem zamestnancov Ústavu krajinnej ekológie SAV, v.v.i., ktorí prezentovali výsledky&nbsp; výskumu na lokalitách a&nbsp;platformách LTER Slovensko. Konferencia bola skvelou príležitosťou na nadväzovanie kontaktov, výmenu skúseností a&nbsp;tiež prípravu možnej budúcej spolupráce v&nbsp;európskom ekologickom výskume.</p>







<h3 class="wp-block-heading"><strong>Inštalácia novej meteorologickej stanice</strong></h3>



<p>V stredu 26.3.2025 sa na LTSER platforme <a href="https://deims.org/fabf28c6-8fa1-4a81-aaed-ab985cbc4906">Trnava</a>, konkrétne v&nbsp;areáli poľnohospodárskeho družstva v&nbsp;Hrnčiarovciach nad Parnou, uskutočnila inštalácia novej meteorologickej stanice. Meteorologická stanica spĺňa všetky požadované parametre profesionálnej stanice s&nbsp;umiestnením senzorov aj vo výške 10 m, eliminujúc tak vplyv topografických podmienok blízkeho okolia. Stanica každých 10 minút meria okrem štandardných parametrov,&nbsp; ako sú&nbsp; teplota vzduchu v 2&nbsp; a 10 m, relatívna vlhkosť vzduchu, tlak vzduchu, tlak pár, deficit tlaku vodnej pary, rýchlosť a smer vetra, intenzita zrážok a ich kumulovaná hodnota&nbsp; aj radiačný tok /globálne slnečné žiarenie, fotosynteticky aktívne žiarenie, bilancia žiarenia/. &nbsp;Ďalšie veličiny sa automaticky počítajú a&nbsp;ukladajú z&nbsp;týchto parametrov. Stanica je plne automatizovaná, cez webové rozhranie je možné sledovať aktuálne charakteristiky meteorologických prvkov. Dlhodobé záznamy takto získaných a odvodených údajov &nbsp;nebudú slúžiť len pre potreby ÚKE SAV, v.v.i, ale budú sprístupnené aj pre ich využitie v&nbsp;praxi (poľnohospodárstvo /agroklimatické analýzy, iné../)</p>







<h3 class="wp-block-heading"><br><strong>Návšteva vedcov zo siete LTER Bulharsko</strong></h3>



<p>V&nbsp;dňoch 13-15 novembra 2024 navštívili LTER Slovensko vedci zo siete pre dlhodobý ekologický výskum (LTER) z&nbsp;Bulharska v&nbsp;zložení dr. Radka Fikova, Dr. Lyudmila&nbsp;Lozanova&nbsp; (obe z&nbsp;Ústavu biodiverzity a&nbsp;ekosystémového výskumu Bulharskej akadémie vied), doc. Sonya Damayanova a prof. Pavel Pavlov (obaja z Lesníckej univerzity v Sofii). &nbsp;Predmetom návštevy bola výmena skúseností z&nbsp;budovania národných sietí LTER, kolegovia z&nbsp;LTER Bulharsko mali záujem podrobnejšie prediskutovať otázky štúdia cyklu uhlíka a&nbsp;chemických analýz vody.&nbsp; Tomu bol prispôsobený program návštevy. Prvý deň bol venovaný prezentácii národných sietí a&nbsp;vybraných lokalít, z&nbsp;bulharskej siete to boli lokality LTER <a href="https://deims.org/7b0fab75-c658-453b-b4cb-67eb6e88d161" target="_blank" rel="noreferrer noopener">Belasitsa</a>&nbsp;a&nbsp;<a href="https://deims.org/3d8dd081-e6c5-4233-b2bb-7a353bcab094" target="_blank" rel="noreferrer noopener">Petrohan-Ponor</a>. Bulharským kolegom sme prezentovali históriu LTER Slovensko, krátko sme predstavili všetky slovenské lokality a platformy a informovali o stave, dopĺňaní výskumu i problematických otázkach pri rozširovaní výskumu o niektoré štandardné pozorovania siete eLTER na našich lokalitách. V následnej diskusii sme prebrali otázky spoločného záujmu. V&nbsp;Bulharskí kolegovia navštívili LTER lokalitu&nbsp;<a href="https://deims.org/f7b73d7c-068f-4406-b4e8-13e5c6e212b9" target="_blank" rel="noreferrer noopener">Tatranský národný park</a>&nbsp;a&nbsp;to jej dve študijné plochy – plochu poškodenú kalamitou v&nbsp;r. 2004 a&nbsp;kontrolnú plochu, nenarušenú kalamitou. Tu bolo možné prediskutovať a demonštrovať metódy eddy kovariancie merania, meraní pôdnej respirácie (kontinuálneho i&nbsp;ambulantného) a&nbsp;transpiračného toku. Na kontrolnej lokalite mohli kolegovia z&nbsp;Bulharska vidieť aj meranie pôdnej respirácie, vykonávané v&nbsp;rámci projektu CALTER, rovnako ako nasledujúci deň na lokalite <a href="https://deims.org/79e10639-dd60-4f30-9c43-7b2bae0f359a" target="_blank" rel="noreferrer noopener">Báb</a>. Na oboch lokalitách sa mohli bulharskí kolegovia zoznámiť aj s&nbsp;prístrojovým vybavením lokalít, vrátane zariadení na meranie cyklu uhlíka a&nbsp;lyzimetrických meraní pôdnej vody, záujem o tieto témy vopred avizovali. Kolegom z&nbsp;Bulharska sme predstavili aj LTSER platformu <a href="https://deims.org/fabf28c6-8fa1-4a81-aaed-ab985cbc4906" target="_blank" rel="noreferrer noopener">Trnava</a> formou krátkeho filmu. Vedci z&nbsp;oboch národných sietí LTER prejavili záujem o&nbsp;užšiu spoluprácu v&nbsp;budúcnosti.</p>



<div style="height:26px" aria-hidden="true" class="wp-block-spacer"></div>

<p>Prvá vedecká konferencia eLTER V&nbsp;dňoch 22.-27.6.2025 sa vo fínskom Tampere uskutočnila prvá vedecká konferencia eLTER s&nbsp;názvom: „Towards a whole-system approach for ecosystem science“ &#8211; Smerom k celostnému prístupu v ekosystémovej vede. Zúčastnilo sa na nej viac ako 350 vedcov, ktorí sa zaoberajú dlhodobým štúdiom ekosystémov a&nbsp;socioekologickým výskumom. Prevažná časť účastníkov bola z&nbsp;európskej siete eLTER, konferencia&#8230;</p>
