{"id":83,"date":"2024-11-18T08:08:23","date_gmt":"2024-11-18T08:08:23","guid":{"rendered":"https:\/\/lter.sav.sk\/?page_id=83"},"modified":"2025-02-12T08:17:21","modified_gmt":"2025-02-12T08:17:21","slug":"historia","status":"publish","type":"page","link":"https:\/\/lter.sav.sk\/index.php\/historia\/","title":{"rendered":"Hist\u00f3ria"},"content":{"rendered":"\n<figure class=\"wp-block-table is-style-stripes\" style=\"font-size:19px\"><table class=\"has-background\" style=\"background-color:#c1dcec;border-style:none;border-width:0px\"><tbody><tr><td>1967-1971<\/td><td>Za\u010diatok ekosyst\u00e9mov\u00e9ho v\u00fdskumu na Slovensku na lokalite B\u00e1b v&nbsp;r\u00e1mci &nbsp;International Biological Programme (IBP) \u2013 zalo\u017eenie lokality B\u00e1b<\/td><\/tr><tr><td>1971-1974<\/td><td>Ekosyst\u00e9mov\u00fd v\u00fdskum na lokalite B\u00e1b pokra\u010duje v&nbsp;r\u00e1mci programu UNESCO \u010clovek a&nbsp;biosf\u00e9ra (Man and Biosphere, MaB)<\/td><\/tr><tr><td>1979<\/td><td>V\u00fdzva National Science Foundation (USA) na pilotn\u00e9 projekty pre dlhodob\u00fd ekologick\u00fd v\u00fdskum &nbsp;&nbsp;<\/td><\/tr><tr><td>1980<\/td><td>Vznik LTER \u2013 NSF vybrala a financovala prv\u00fdch 6 lokal\u00edt LTER v USA: North Temperate Lakes, H.J. Andrews Experimental Forest, Coweeta Hydrological Laboratory, Konza Prairie, North Inlet Marsh, Niwot Ridge<\/td><\/tr><tr><td>1993<\/td><td>Vznik medzin\u00e1rodnej site pre dlhodob\u00fd ekologick\u00fd v\u00fdskumu ILTER. Prv\u00fd ved\u00faci: Jerry F. Franklin<\/td><\/tr><tr><td>1995<\/td><td>Pozvanie Slovenska do ILTER; James R. Gosz zvolen\u00fd za ved\u00faceho siete ILTER<\/td><\/tr><tr><td>1998<\/td><td>Vznik region\u00e1lnej siete LTER pre stredn\u00fa a v\u00fdchodn\u00fa Eur\u00f3pu (LTER CEE) po\u010das stretnutia ILTER v Paname\/Kostarike<\/td><\/tr><tr><td>1999<\/td><td>Semin\u00e1r LTER CEE v Budape\u0161ti \u2013 rozhodnutie pripravi\u0165 spolo\u010dn\u00fd projekt pre R\u00e1mcov\u00fd program E\u00da (poveren\u00fd Terry Parr)<\/td><\/tr><tr><td>2000<\/td><td>Semin\u00e1r LTER CEE v Nitre<\/td><\/tr><tr><td>2001<\/td><td>Vznik sekretari\u00e1tu siete LTER CEE so s\u00eddlom na \u00dastave krajinnej ekol\u00f3gie SAV v\u00a0Bratislave pod veden\u00edm Ing. J\u00faliusa Oszl\u00e1nyiho<br><br>GLORIA-Europe &#8211; projekt 5. r\u00e1mcov\u00e9ho programu E\u00da, pr\u00edspevok ku Glob\u00e1lnemu terestri\u00e1lnemu pozorovaciemu syst\u00e9mu (GTOS). Vysok\u00e9 Tatry ako jeden z prv\u00fdch 18 cie\u013eov\u00fdch regi\u00f3nov dne\u0161nej celosvetovej siete GLORIA. Za\u010diatok v\u00fdskumu na 4 vrcholoch, ktor\u00e9 sa nesk\u00f4r stali lokalitou LTER Alp\u00ednske vrcholy Tatier.<\/td><\/tr><tr><td>2002-2005<\/td><td>Projekt NSF (USA) \u201e<em>Responsiveness of alpine vegetation to N inputs &#8211; A Comparison Between Central European and North American Sites<\/em>\u201c. Ved\u00faci projektu: William D. Bowman, spolupr\u00e1ca s\u00a0University of Colorado, Boulder, CO (US LTER lokalita Niwot Ridge). Zalo\u017eenie lokality Jaloveck\u00e1 dolina.<\/td><\/tr><tr><td>2003<\/td><td>Semin\u00e1r LTER CEE vo Zvolene.<\/td><\/tr><tr><td>2004-2009<\/td><td>Sie\u0165 excelencie 6. r\u00e1mcov\u00e9ho programu E\u00da \u201e<em>ALTER-Net &#8211; A Long-Term Biodiversity, Ecosystem and Awareness Research Network<\/em>\u201c, ved\u00faci projektu: Terry Parr (Ve\u013ek\u00e1 Brit\u00e1nia). N\u00e1vrh projektu pripravili Sander van der L\u00f6we, Terry Parr, J\u00falius Oszl\u00e1nyi, Edit Kov\u00e1cs-L\u00e1ng a Michael Mirtl.<\/td><\/tr><tr><td>2006<\/td><td>Semin\u00e1r LTER CEE vo V\u00fdchodnej<\/td><\/tr><tr><td>2007<\/td><td>Vznik eur\u00f3pskej siete pre dlhodob\u00fd ekologick\u00fd v\u00fdskumu LTER Europe (Balatonf\u00fcred, Ma\u010farsko) \u2013 v\u00fdsledok aktiv\u00edt projektu ALTER-Net. Sie\u0165 LTER CEE sa stala s\u00fa\u010das\u0165ou LTER Europe.<\/td><\/tr><tr><td>2008<\/td><td>Prijatie deklar\u00e1cie n\u00e1rodnej siete LTER Slovensko. S\u00fa\u010das\u0165ou siete s\u00fa lokality B\u00e1b, EES Kremnick\u00e9 vrchy, Po\u013eana \u2013 Hukavsk\u00fd gr\u00fa\u0148, Jaloveck\u00e1 dolina, Vysok\u00e9 Tatry, Alp\u00ednske vrcholy Tatier<\/td><\/tr><tr><td>2008<\/td><td>Stretnutie koordina\u010dn\u00e9ho v\u00fdboru glob\u00e1lnej siete ILTER v Starej Lesnej<\/td><\/tr><tr><td>2015<\/td><td>Do siete LTER Slovensko bola zahrnut\u00e1 lokalita Kr\u00e1\u013eova ho\u013ea a\u00a0LTSER platformy Trnava a Poloniny<\/td><\/tr><tr><td>2016<\/td><td>Dlhodob\u00e9mu ekologick\u00e9mu v\u00fdskumu boli venovan\u00e9 dve \u010d\u00edsla \u010dasopisu <a href=\"http:\/\/publikacie.uke.sav.sk\/taxonomy\/term\/895\" target=\"_blank\" rel=\"noreferrer noopener\">\u017divotn\u00e9 prostredie<\/a><\/td><\/tr><tr><td>2018<\/td><td>Projekt eLTER\u00a0 (<em>Integrated European Long-Term Ecosystem, critical zone and socio-ecological system Research Infrastructure<\/em>) je zahrnut\u00fd do eur\u00f3pskej cestovnej mapy pre v\u00fdskumn\u00e9 infra\u0161trukt\u00fary eSFRI Roadmap 2018. LTER Slovensko je s\u00fa\u010das\u0165ou projektu.<\/td><\/tr><tr><td>2019<\/td><td>LTER Slovensko je zapojen\u00e9 do pr\u00edpravy n\u00e1rodn\u00e9ho pl\u00e1nu pre v\u00fdskumn\u00e9 infra\u0161trukt\u00fary<\/td><\/tr><tr><td>2021<\/td><td>Vl\u00e1da SR schv\u00e1lila dokument \u201e<em>Cestovn\u00e1 mapa v\u00fdskumn\u00fdch infra\u0161trukt\u00far (SK VI Roadmap 2020-2030<\/em>\u201c, ktor\u00e9ho s\u00fa\u010das\u0165ou je aj infra\u0161trukt\u00farny projekt eLTER\u00a0<\/td><\/tr><tr><td>2022-2025<\/td><td>Prv\u00fd spolo\u010dn\u00fd projekt siete LTER Slovensko: CALTER \u201e<em>Toky uhl\u00edka v p\u00f4de hlavn\u00fdch typov lesn\u00fdch ekosyst\u00e9mov na v\u00fd\u0161kovom gradiente Z\u00e1padn\u00fdch Karp\u00e1t<\/em>\u201c, financovan\u00fd APVV (2022-2025, ved\u00faci Peter Fleischer sr.)<\/td><\/tr><tr><td>2024<\/td><td>Vl\u00e1da SR schv\u00e1lila Ak\u010dn\u00fd pl\u00e1n pre v\u00fdskumn\u00e9 infra\u0161trukt\u00fary<\/td><\/tr><tr><td><\/td><td><\/td><\/tr><\/tbody><\/table><\/figure>\n","protected":false},"excerpt":{"rendered":"<p>1967-1971 Za\u010diatok ekosyst\u00e9mov\u00e9ho v\u00fdskumu na Slovensku na lokalite B\u00e1b v&nbsp;r\u00e1mci &nbsp;International Biological Programme (IBP) \u2013 zalo\u017eenie lokality B\u00e1b 1971-1974 Ekosyst\u00e9mov\u00fd v\u00fdskum na lokalite B\u00e1b pokra\u010duje v&nbsp;r\u00e1mci programu UNESCO \u010clovek a&nbsp;biosf\u00e9ra (Man and Biosphere, MaB) 1979 V\u00fdzva National Science Foundation (USA) na pilotn\u00e9 projekty pre dlhodob\u00fd ekologick\u00fd v\u00fdskum &nbsp;&nbsp; 1980 Vznik LTER \u2013 NSF vybrala a&#8230;<\/p>\n","protected":false},"author":1,"featured_media":0,"parent":0,"menu_order":0,"comment_status":"closed","ping_status":"closed","template":"","meta":{"_kad_post_transparent":"","_kad_post_title":"","_kad_post_layout":"","_kad_post_sidebar_id":"","_kad_post_content_style":"","_kad_post_vertical_padding":"","_kad_post_feature":"","_kad_post_feature_position":"","_kad_post_header":false,"_kad_post_footer":false,"_kad_post_classname":"","footnotes":""},"class_list":["post-83","page","type-page","status-publish","hentry"],"_links":{"self":[{"href":"https:\/\/lter.sav.sk\/index.php\/wp-json\/wp\/v2\/pages\/83","targetHints":{"allow":["GET"]}}],"collection":[{"href":"https:\/\/lter.sav.sk\/index.php\/wp-json\/wp\/v2\/pages"}],"about":[{"href":"https:\/\/lter.sav.sk\/index.php\/wp-json\/wp\/v2\/types\/page"}],"author":[{"embeddable":true,"href":"https:\/\/lter.sav.sk\/index.php\/wp-json\/wp\/v2\/users\/1"}],"replies":[{"embeddable":true,"href":"https:\/\/lter.sav.sk\/index.php\/wp-json\/wp\/v2\/comments?post=83"}],"version-history":[{"count":13,"href":"https:\/\/lter.sav.sk\/index.php\/wp-json\/wp\/v2\/pages\/83\/revisions"}],"predecessor-version":[{"id":538,"href":"https:\/\/lter.sav.sk\/index.php\/wp-json\/wp\/v2\/pages\/83\/revisions\/538"}],"wp:attachment":[{"href":"https:\/\/lter.sav.sk\/index.php\/wp-json\/wp\/v2\/media?parent=83"}],"curies":[{"name":"wp","href":"https:\/\/api.w.org\/{rel}","templated":true}]}}